{"version":"1.0","provider_name":"Col\u00e9gio Salvatoriano Padre Jordan","provider_url":"https:\/\/www.redesalvatoriana.org.br\/padrejordan\/blog","author_name":"Col\u00e9gio Salvatoriano Padre Jordan","author_url":"https:\/\/www.redesalvatoriana.org.br\/padrejordan\/blog\/author\/padre-jordan\/","title":"Horta org\u00e2nica - Quinto ano - Col\u00e9gio Salvatoriano Padre Jordan","type":"rich","width":600,"height":338,"html":"<blockquote class=\"wp-embedded-content\" data-secret=\"gPapFoj02R\"><a href=\"https:\/\/www.redesalvatoriana.org.br\/padrejordan\/blog\/2021\/10\/08\/horta-organica-quinto-ano\/\">Horta org\u00e2nica &#8211; Quinto ano<\/a><\/blockquote><iframe sandbox=\"allow-scripts\" security=\"restricted\" src=\"https:\/\/www.redesalvatoriana.org.br\/padrejordan\/blog\/2021\/10\/08\/horta-organica-quinto-ano\/embed\/#?secret=gPapFoj02R\" width=\"600\" height=\"338\" title=\"&#8220;Horta org\u00e2nica &#8211; Quinto ano&#8221; &#8212; Col\u00e9gio Salvatoriano Padre Jordan\" data-secret=\"gPapFoj02R\" frameborder=\"0\" marginwidth=\"0\" marginheight=\"0\" scrolling=\"no\" class=\"wp-embedded-content\"><\/iframe><script type=\"text\/javascript\">\n\/*! This file is auto-generated *\/\n!function(c,l){\"use strict\";var e=!1,o=!1;if(l.querySelector)if(c.addEventListener)e=!0;if(c.wp=c.wp||{},c.wp.receiveEmbedMessage);else if(c.wp.receiveEmbedMessage=function(e){var t=e.data;if(!t);else if(!(t.secret||t.message||t.value));else if(\/[^a-zA-Z0-9]\/.test(t.secret));else{for(var r,s,a,i=l.querySelectorAll('iframe[data-secret=\"'+t.secret+'\"]'),n=l.querySelectorAll('blockquote[data-secret=\"'+t.secret+'\"]'),o=0;o<n.length;o++)n[o].style.display=\"none\";for(o=0;o<i.length;o++)if(r=i[o],e.source!==r.contentWindow);else{if(r.removeAttribute(\"style\"),\"height\"===t.message){if(1e3<(s=parseInt(t.value,10)))s=1e3;else if(~~s<200)s=200;r.height=s}if(\"link\"===t.message)if(s=l.createElement(\"a\"),a=l.createElement(\"a\"),s.href=r.getAttribute(\"src\"),a.href=t.value,a.host===s.host)if(l.activeElement===r)c.top.location.href=t.value}}},e)c.addEventListener(\"message\",c.wp.receiveEmbedMessage,!1),l.addEventListener(\"DOMContentLoaded\",t,!1),c.addEventListener(\"load\",t,!1);function t(){if(o);else{o=!0;for(var e,t,r,s=-1!==navigator.appVersion.indexOf(\"MSIE 10\"),a=!!navigator.userAgent.match(\/Trident.*rv:11\\.\/),i=l.querySelectorAll(\"iframe.wp-embedded-content\"),n=0;n<i.length;n++){if(!(r=(t=i[n]).getAttribute(\"data-secret\")))r=Math.random().toString(36).substr(2,10),t.src+=\"#?secret=\"+r,t.setAttribute(\"data-secret\",r);if(s||a)(e=t.cloneNode(!0)).removeAttribute(\"security\"),t.parentNode.replaceChild(e,t);t.contentWindow.postMessage({message:\"ready\",secret:r},\"*\")}}}}(window,document);\n<\/script>\n","thumbnail_url":"https:\/\/www.redesalvatoriana.org.br\/padrejordan\/blog\/wp-content\/uploads\/2021\/10\/WhatsApp-Image-2021-09-23-at-09.52.22-1-1440x1080.jpg","thumbnail_width":1440,"thumbnail_height":1080,"description":"As turmas 51 e 52 montaram uma horta org\u00e2nica, abordando assuntos como res\u00edduos, compostagem, reciclagem, alimenta\u00e7\u00e3o saud\u00e1vel, promovendo valores, boas atitudes, trabalho em equipe, a solidariedade e a import\u00e2ncia do cuidado com o meio ambiente. Confira alguns registros dessa atividade t\u00e3o significativa! &lt;iframe src=&#8221;https:\/\/www.facebook.com\/plugins\/post.php?href=https%3A%2F%2Fwww.facebook.com%2Fcspadrejordan%2Fposts%2F3877706332331442&amp;show_text=true&amp;width=500&#8243; width=&#8221;500&#8243; height=&#8221;752&#8243; style=&#8221;border:none;overflow:hidden&#8221; scrolling=&#8221;no&#8221; frameborder=&#8221;0&#8243; allowfullscreen=&#8221;true&#8221; allow=&#8221;autoplay; clipboard-write; encrypted-media; picture-in-picture; web-share&#8221;&gt;&lt;\/iframe&gt;"}

Colégio Salvatoriano Padre Jordan

Horta orgânica - Quinto ano - Colégio Salvatoriano Padre Jordan

<blockquote class="wp-embedded-content" data-secret="gPapFoj02R"><a href="https://www.redesalvatoriana.org.br/padrejordan/blog/2021/10/08/horta-organica-quinto-ano/">Horta orgânica &#8211; Quinto ano</a></blockquote><iframe sandbox="allow-scripts" security="restricted" src="https://www.redesalvatoriana.org.br/padrejordan/blog/2021/10/08/horta-organica-quinto-ano/embed/#?secret=gPapFoj02R" width="600" height="338" title="&#8220;Horta orgânica &#8211; Quinto ano&#8221; &#8212; Colégio Salvatoriano Padre Jordan" data-secret="gPapFoj02R" frameborder="0" marginwidth="0" marginheight="0" scrolling="no" class="wp-embedded-content"></iframe><script type="text/javascript">
/*! This file is auto-generated */
!function(c,l){"use strict";var e=!1,o=!1;if(l.querySelector)if(c.addEventListener)e=!0;if(c.wp=c.wp||{},c.wp.receiveEmbedMessage);else if(c.wp.receiveEmbedMessage=function(e){var t=e.data;if(!t);else if(!(t.secret||t.message||t.value));else if(/[^a-zA-Z0-9]/.test(t.secret));else{for(var r,s,a,i=l.querySelectorAll('iframe[data-secret="'+t.secret+'"]'),n=l.querySelectorAll('blockquote[data-secret="'+t.secret+'"]'),o=0;o<n.length;o++)n[o].style.display="none";for(o=0;o<i.length;o++)if(r=i[o],e.source!==r.contentWindow);else{if(r.removeAttribute("style"),"height"===t.message){if(1e3<(s=parseInt(t.value,10)))s=1e3;else if(~~s<200)s=200;r.height=s}if("link"===t.message)if(s=l.createElement("a"),a=l.createElement("a"),s.href=r.getAttribute("src"),a.href=t.value,a.host===s.host)if(l.activeElement===r)c.top.location.href=t.value}}},e)c.addEventListener("message",c.wp.receiveEmbedMessage,!1),l.addEventListener("DOMContentLoaded",t,!1),c.addEventListener("load",t,!1);function t(){if(o);else{o=!0;for(var e,t,r,s=-1!==navigator.appVersion.indexOf("MSIE 10"),a=!!navigator.userAgent.match(/Trident.*rv:11\./),i=l.querySelectorAll("iframe.wp-embedded-content"),n=0;n<i.length;n++){if(!(r=(t=i[n]).getAttribute("data-secret")))r=Math.random().toString(36).substr(2,10),t.src+="#?secret="+r,t.setAttribute("data-secret",r);if(s||a)(e=t.cloneNode(!0)).removeAttribute("security"),t.parentNode.replaceChild(e,t);t.contentWindow.postMessage({message:"ready",secret:r},"*")}}}}(window,document);
</script>

As turmas 51 e 52 montaram uma horta orgânica, abordando assuntos como resíduos, compostagem, reciclagem, alimentação saudável, promovendo valores, boas atitudes, trabalho em equipe, a solidariedade e a importância do cuidado com o meio ambiente. Confira alguns registros dessa atividade tão significativa! &lt;iframe src=&#8221;https://www.facebook.com/plugins/post.php?href=https%3A%2F%2Fwww.facebook.com%2Fcspadrejordan%2Fposts%2F3877706332331442&amp;show_text=true&amp;width=500&#8243; width=&#8221;500&#8243; height=&#8221;752&#8243; style=&#8221;border:none;overflow:hidden&#8221; scrolling=&#8221;no&#8221; frameborder=&#8221;0&#8243; allowfullscreen=&#8221;true&#8221; allow=&#8221;autoplay; clipboard-write; encrypted-media; picture-in-picture; web-share&#8221;&gt;&lt;/iframe&gt;
